 when 7101 is divided by 107.
39
What is the remainder when 5576 is divided by 19?
9
What is the remainder when 1334 is divided by 279?
218
Calculate the remainder when 3596 is divided by 402.
380
Calculate the remainder when 7046 is divided by 2066.
848
Calculate the remainder when 4305 is divided by 771.
450
Calculate the remainder when 1366 is divided by 687.
679
What is the remainder when 3661 is divided by 113?
45
What is the remainder when 15184 is divided by 636?
556
Calculate the remainder when 38987 is divided by 278.
67
Calculate the remainder when 157423 is divided by 2385.
13
What is the remainder when 493024 is divided by 92?
88
What is the remainder when 9871 is divided by 639?
286
What is the remainder when 290386 is divided by 94?
20
What is the remainder when 530317 is divided by 31195?
2
What is the remainder when 1719 is divided by 195?
159
Calculate the remainder when 213757 is divided by 53438.
5
What is the remainder when 5685 is divided by 1879?
48
What is the remainder when 30508 is divided by 15129?
250
Calculate the remainder when 835039 is divided by 3175.
14
Calculate the remainder when 380200 is divided by 190097.
6
What is the remainder when 2227299 is divided by 99?
96
Calculate the remainder when 12537 is divided by 27.
9
Calculate the remainder when 4567 is divided by 130.
17
Calculate the remainder when 83958 is divided by 48.
6
What is the remainder when 157081 is divided by 39265?
21
Calculate the remainder when 413 is divided by 108.
89
What is the remainder when 365455 is divided by 182726?
3
What is the remainder when 21990 is divided by 21899?
91
Calculate the remainder when 72180 is divided by 22.
20
What is the remainder when 3230 is divided by 119?
17
What is the remainder when 82265 is divided by 37?
14
Calculate the remainder when 13608 is divided by 13601.
7
Calculate the remainder when 1560 is divided by 154.
20
Calculate the remainder when 3957 is divided by 233.
229
What is the remainder when 840 is divided by 105?
0
Calculate the remainder when 29390 is divided by 71.
67
What is the remainder when 301625 is divided by 22?
5
Calculate the remainder when 44375 is divided by 1819.
719
Calculate the remainder when 24467 is divided by 204.
191
Calculate the remainder when 149498 is divided by 189.
188
What is the remainder when 37013 is divided by 31?
30
What is the remainder when 296 is divided by 47?
14
What is the remainder when 12491 is divided by 1039?
23
Calculate the remainder when 4219 is divided by 438.
277
Calculate the remainder when 2750 is divided by 253.
220
What is the remainder when 121269 is divided by 15?
9
What is the remainder when 2137 is divided by 443?
365
Calculate the remainder when 3284 is divided by 782.
156
What is the remainder when 3093 is divided by 449?
399
Calculate the remainder when 17566 is divided by 31.
20
What is the remainder when 11432 is divided by 411?
335
Calculate the remainder when 27882 is divided by 187.
19
Calculate the remainder when 742301 is divided by 198.
197
Calculate the remainder when 5362 is divided by 581.
133
Calculate the remainder when 134514 is divided by 236.
230
What is the remainder when 4181 is divided by 23?
18
What is the remainder when 18209 is divided by 184?
177
Calculate the remainder when 2647 is divided by 557.
419
Calculate the remainder when 969 is divided by 854.
115
Calculate the remainder when 23905 is divided by 7932.
109
What is the remainder when 30802 is divided by 658?
534
What is the remainder when 23167 is divided by 32?
31
What is the remainder when 39292 is divided by 177?
175
What is the remainder when 174033 is divided by 78?
15
What is the remainder when 224714 is divided by 74904?
2
What is the remainder when 4317489 is divided by 1165?
1164
What is the remainder when 4864 is divided by 32?
0
Calculate the remainder when 6832 is divided by 2272.
16
What is the remainder when 1913 is divided by 33?
32
Calculate the remainder when 291648 is divided by 594.
588
Calculate the remainder when 6360 is divided by 1224.
240
What is the remainder when 8159 is divided by 616?
151
Calculate the remainder when 47155 is divided by 7852.
43
What is the remainder when 1135 is divided by 372?
19
What is the remainder when 31979 is divided by 143?
90
Calculate the remainder when 151237 is divided by 191.
156
Calculate the remainder when 2189 is divided by 672.
173
What is the remainder when 856522 is divided by 55?
7
Calculate the remainder when 938 is divided by 898.
40
What is the remainder when 19579 is divided by 653?
642
Calculate the remainder when 25935 is divided by 5183.
20
Calculate the remainder when 8160 is divided by 2141.
1737
What is the remainder when 4586 is divided by 94?
74
Calculate the remainder when 264382 is divided by 1253.
1252
Calculate the remainder when 9543 is divided by 732.
27
What is the remainder when 668 is divided by 167?
0
What is the remainder when 15395 is divided by 861?
758
Calculate the remainder when 7292 is divided by 2430.
2
Calculate the remainder when 10688 is divided by 26.
2
Calculate the remainder when 2552 is divided by 41.
10
What is the remainder when 13631 is divided by 13550?
81
Calculate the remainder when 592229 is divided by 6.
5
Calculate the remainder when 121087 is divided by 121087.
0
What is the remainder when 860 is divided by 488?
372
What is the remainder when 16364 is divided by 138?
80
What is the remainder when 452843 is divided by 2126?
5
What is the remainder when 6442 is divided by 119?
16
What is the remainder when 180048 is divided by 650?
648
Calculate the remainder when 1937 is divided by 664.
609
Calculate the remainder when 229779 is divided by 234.
225
Calculate the remainder when 878 is divided by 177.
170
What is the remainder when 2246599 is divided by 188?
187
Calculate the remainder when 6688 is divided by 180.
28
What is the remainder when 176063 is divided by 106?
103
Calculate the remainder when 93272 is divided by 298.
296
Calculate the remainder when 6893 is divided by 2030.
803
What is the remainder when 6050 is divided by 752?
34
Calculate the remainder when 20417 is divided by 69.
62
Calculate the remainder when 61180 is divided by 1199.
31
Calculate the remainder when 1260 is divided by 454.
352
What is the remainder when 308566 is divided by 897?
895
Calculate the remainder when 1780415 is divided by 48.
47
What is the remainder when 18199 is divided by 100?
99
Calculate the remainder when 174277 is divided by 5446.
5
Calculate the remainder when 140812 is divided by 277.
96
What is the remainder when 27380 is divided by 1834?
1704
Calculate the remainder when 39262 is divided by 14.
6
What is the remainder when 458899 is divided by 21852?
7
What is the remainder when 1753 is divided by 288?
25
Calculate the remainder when 219 is divided by 56.
51
What is the remainder when 3974 is divided by 910?
334
What is the remainder when 8373 is divided by 185?
48
Calculate the remainder when 108107 is divided by 3.
2
What is the remainder when 11654 is divided by 191?
3
Calculate the remainder when 19398 is divided by 35.
8
Calculate the remainder when 7100 is divided by 808.
636
Calculate the remainder when 472259 is divided by 7.
4
Calculate the remainder when 125749 is divided by 499.
1
Calculate the remainder when 31653 is divided by 72.
45
What is the remainder when 32123 is divided by 30?
23
Calculate the remainder when 129157 is divided by 71.
8
What is the remainder when 6540 is divided by 1224?
420
What is the remainder when 28670 is divided by 19?
18
Calculate the remainder when 5249 is divided by 500.
249
What is the remainder when 61101 is divided by 657?
0
What is the remainder when 1726 is divided by 545?
91
Calculate the remainder when 44856 is divided by 34.
10
What is the remainder when 270136 is divided by 30015?
1
Calculate the remainder when 10937 is divided by 10915.
22
What is the remainder when 334518 is divided by 1182?
12
Calculate the remainder when 694401 is divided by 593.
591
Calculate the remainder when 1998 is divided by 550.
348
Calculate the remainder when 3013625 is divided by 462.
461
What is the remainder when 164130 is divided by 3?
0
Calculate the remainder when 302871 is divided by 35.
16
What is the